f 14?
False
Is 336 a multiple of 24?
True
Does 2 divide 7927?
False
Is 38640 a multiple of 24?
True
Does 12 divide 9816?
True
Is 60426 a multiple of 27?
True
Is 5796 a multiple of 42?
True
Is 12148 a multiple of 64?
False
Is 377 a factor of 77904?
False
Is 9 a factor of 486?
True
Does 77 divide 38829?
False
Is 8013 a multiple of 46?
False
Is 7454 a multiple of 75?
False
Does 165 divide 6640?
False
Does 178 divide 3463?
False
Does 66 divide 17405?
False
Is 185 a factor of 7781?
False
Does 221 divide 44421?
True
Is 26 a factor of 8867?
False
Is 22 a factor of 836?
True
Is 13087 a multiple of 23?
True
Does 94 divide 2068?
True
Does 12 divide 82380?
True
Does 16 divide 496?
True
Does 5 divide 100?
True
Is 170 a factor of 51979?
False
Is 13 a factor of 468?
True
Does 11 divide 1012?
True
Is 1687 a multiple of 36?
False
Is 23 a factor of 2119?
False
Is 6149 a multiple of 13?
True
Is 3760 a multiple of 20?
True
Is 8 a factor of 24?
True
Is 47 a factor of 3366?
False
Is 125 a factor of 13783?
False
Is 504 a multiple of 7?
True
Does 17 divide 625?
False
Is 80454 a multiple of 53?
True
Is 343 a multiple of 49?
True
Is 22 a factor of 836?
True
Is 11020 a multiple of 29?
True
Is 4635 a multiple of 37?
False
Is 12399 a multiple of 36?
False
Does 22 divide 7669?
False
Does 10 divide 463?
False
Does 21 divide 12222?
True
Is 36 a factor of 684?
True
Does 14 divide 242?
False
Is 80 a factor of 80?
True
Is 16 a factor of 1782?
False
Is 83 a factor of 80251?
False
Is 101 a factor of 20421?
False
Does 5 divide 3190?
True
Is 132 a multiple of 11?
True
Does 91 divide 4244?
False
Is 24 a factor of 1835?
False
Does 6 divide 1092?
True
Is 51 a multiple of 51?
True
Does 3 divide 105?
True
Is 540 a multiple of 45?
True
Is 99 a factor of 3861?
True
Does 8 divide 552?
True
Is 23 a factor of 194?
False
Is 296 a multiple of 10?
False
Is 17 a factor of 34?
True
Does 34 divide 2323?
False
Is 50281 a multiple of 18?
False
Is 107 a factor of 24321?
False
Is 5156 a multiple of 72?
False
Is 1106 a multiple of 79?
True
Is 72 a factor of 305?
False
Does 7 divide 14412?
False
Is 342 a multiple of 9?
True
Does 13 divide 904?
False
Is 12 a factor of 2405?
False
Is 1379 a multiple of 7?
True
Does 76 divide 87441?
False
Is 11 a factor of 8107?
True
Is 22715 a multiple of 143?
False
Is 12 a factor of 624?
True
Is 20 a factor of 29364?
False
Is 20 a factor of 52179?
False
Is 35975 a multiple of 205?
False
Is 148 a factor of 39368?
True
Is 36472 a multiple of 30?
False
Is 13 a factor of 5863?
True
Is 2533 a multiple of 66?
False
Is 4569 a multiple of 13?
False
Is 18010 a multiple of 37?
False
Is 231 a multiple of 4?
False
Does 15 divide 255?
True
Does 3 divide 1017?
True
Is 1203 a multiple of 14?
False
Does 44 divide 8575?
False
Does 127 divide 77978?
True
Is 10556 a multiple of 18?
False
Does 33 divide 5181?
True
Is 15 a factor of 315?
True
Does 15 divide 5285?
False
Does 19 divide 13566?
True
Is 48 a factor of 2064?
True
Is 25 a factor of 12513?
False
Is 144 a multiple of 16?
True
Does 30 divide 71791?
False
Is 325 a multiple of 5?
True
Is 30 a factor of 22223?
False
Is 43880 a multiple of 183?
False
Is 5560 a multiple of 40?
True
Is 19 a factor of 152?
True
Is 15 a factor of 1380?
True
Is 22 a factor of 11818?
False
Does 37 divide 1517?
True
Is 13 a factor of 130?
True
Is 24 a factor of 2083?
False
Is 44 a factor of 396?
True
Does 13 divide 2289?
False
Is 2255 a multiple of 41?
True
Does 166 divide 664?
True
Does 40 divide 2320?
True
Does 114 divide 55746?
True
Is 13 a factor of 265?
False
Does 6 divide 450?
True
Does 82 divide 82?
True
Is 532 a multiple of 15?
False
Does 37 divide 10323?
True
Does 27 divide 3854?
False
Is 8 a factor of 14949?
False
Is 19 a factor of 5707?
False
Does 6 divide 212?
False
Is 28 a factor of 12684?
True
Does 38 divide 3147?
False
Does 186 divide 1727?
False
Is 13 a factor of 48589?
False
Is 6275 a multiple of 51?
False
Does 17 divide 848?
False
Does 16 divide 25337?
False
Is 1764 a multiple of 14?
True
Does 8 divide 570?
False
Does 4 divide 24?
True
Does 12 divide 2316?
True
Is 1489 a multiple of 13?
False
Does 4 divide 2567?
False
Does 17 divide 826?
False
Is 15 a factor of 3465?
True
Does 7 divide 1616?
False
Is 72 a factor of 410?
False
Is 80 a factor of 4061?
False
Does 11 divide 10758?
True
Is 11 a factor of 252?
False
Is 4554 a multiple of 9?
True
Does 99 divide 13959?
True
Is 56 a factor of 3248?
True
Is 6708 a multiple of 6?
True
Does 45 divide 107325?
True
Is 12453 a multiple of 21?
True
Is 14 a factor of 10416?
True
Is 668 a multiple of 4?
True
Is 2211 a multiple of 33?
True
Is 8079 a multiple of 6?
False
Is 40 a factor of 1889?
False
Is 1108 a multiple of 51?
False
Is 44 a factor of 6266?
False
Does 84 divide 78831?
False
Is 80 a factor of 1711?
False
Is 23291 a multiple of 50?
False
Is 130 a factor of 390?
True
Is 58 a factor of 638?
True
Does 131 divide 1965?
True
Is 78 a factor of 22932?
True
Does 6 divide 1158?
True
Is 2231 a multiple of 40?
False
Is 21 a factor of 378?
True
Is 7208 a multiple of 34?
True
Is 12 a factor of 732?
True
Does 22 divide 5958?
False
Does 155 divide 62620?
True
Is 17 a factor of 40?
False
Is 88 a factor of 302?
False
Does 70 divide 1962?
False
Does 11 divide 540?
False
Is 1457 a multiple of 31?
True
Is 17293 a multiple of 28?
False
Is 347 a multiple of 11?
False
Is 72 a factor of 33912?
True
Is 1422 a multiple of 11?
False
Does 13 divide 2935?
False
Is 30 a factor of 6270?
True
Is 639 a multiple of 71?
True
Does 21 divide 3465?
True
Does 37 divide 9171?
False
Does 34 divide 4386?
True
Does 67 divide 603?
True
Is 302 a multiple of 5?
False
Is 7 a factor of 2310?
True
Is 14 a factor of 28?
True
Does 52 divide 2192?
False
Is 487 a multiple of 3?
False
Is 52 a factor of 572?
True
Does 6 divide 269?
False
Does 147 divide 23919?
False
Does 24 divide 662?
False
Is 7 a factor of 308?
True
Is 8 a factor of 651?
False
Does 26 divide 182?
True
Is 4537 a multiple of 17?
False
Is 30 a factor of 1862?
False
Is 479 a multiple of 7?
False
Is 1258 a multiple of 52?
False
Is 4458 a multiple of 121?
False
Is 897 a multiple of 13?
True
Is 69 a factor of 552?
True
Is 4 a factor of 476?
True
Is 10 a factor of 81?
False
Does 218 divide 37932?
True
Is 56 a factor of 11626?
False
Is 96 a factor of 114?
False
Does 29 divide 2540?
False
Does 84 divide 19664?
False
Does 117 divide 249?
False
Is 113 a factor of 5198?
True
Is 120 a multiple of 24?
True
Is 16008 a multiple of 58?
True
Is 51 a factor of 880?
False
Does 37 divide 1702?
True
Is 12 a factor of 1296?
True
Does 15 divide 2790?
True
Is 109 a factor of 4687?
True
Is 10 a factor of 2410?
True
Is 259 a factor of 35740?
False
Is 20 a factor of 5249?
False
Does 2 divide 1454?
True
Does 112 divide 5689?
False
Is 912 a multiple of 66?
False
Is 571 a multiple of 65?
False
Is 7130 a multiple of 23?
True
Does 36 divide 1872?
True
Is 25 a factor of 8681?
False
Is 26364 a multiple of 21?
False
Is 42 a factor of 357?
False
Is 14 a factor of 16226?
True
Is 10 a factor of 2331?
False
Is 45 a factor of 2340?
True
Does 34 divide 4548?
False
Does 7 divide 28?
True
Does 31 divide 3503?
True
Does 126 divide 45132?
False
Is 20290 a multiple of 8?
False
Is 4104 a multiple of 27?
True
Does 33 divide 23463?
True
Is 15 a factor of 480?
True
Does 18 divide 19701?
False
Is 17094 a multiple of 75?
False
Is 53 a factor of 7711?
False
Is 66 a factor of 12078?
True
Is 8649 a multiple of 143?
False
Is 875 a multiple of 13?
False
Is 3131 a multiple of 18?
False
Is 12239 a multiple of 88?
False
Does 32 divide 1184?
True
Does 52 divide 1872?
True
Is 15 a factor of 1350?
True
Is 27 a factor of 972?
True
Is 76 a multiple of 2?
True
Is 62 a factor of 19654?
True
Does 13 divide 17733?
False
Is 10 a factor of 10900?
True
Is 14734 a multiple of 318?
False
Is 24896 a multiple of 29?
False
Does 10 divide 39290?
True
Does 16 divide 66416?
True
Is 49186 a multiple of 185?
False
Is 28416 a multiple of 96?
True
Is 59 a factor of 99987?
False
Does 7 divide 13642?
False
Is 28471 a multiple of 32?
False
Is 29 a factor of 5191?
True
Is 8303 a multiple of 3?
False
Does 139 divide 8446?
False
Does 2 divide 768?
True
Is 2403 a multiple of 12?
False
Is 36 a factor of 108?
True
Is 12619 a multiple of 107?
False
Is 10 a factor of 9144?
Fa